{"id":36,"date":"2018-08-27T18:46:48","date_gmt":"2018-08-27T21:46:48","guid":{"rendered":"http:\/\/nunesmarcas.com.br\/marcas\/?page_id=36"},"modified":"2019-05-23T19:16:40","modified_gmt":"2019-05-23T22:16:40","slug":"quem-somos","status":"publish","type":"page","link":"http:\/\/nunesmarcas.com.br\/marcas\/quem-somos\/","title":{"rendered":"Quem Somos"},"content":{"rendered":"<p>[vc_row advisor_row=&#8221;true&#8221;][vc_column][vc_column_text]<\/p>\n<figure id=\"attachment_137\" aria-describedby=\"caption-attachment-137\" style=\"width: 191px\" class=\"wp-caption alignleft\"><img loading=\"lazy\" class=\"size-medium wp-image-137\" src=\"http:\/\/nunesmarcas.com.br\/marcas\/wp-content\/uploads\/2019\/05\/CONFEP-5-191x300.jpg\" alt=\"Jo\u00e3o Carlos Nunes - Diretor\" width=\"191\" height=\"300\" srcset=\"http:\/\/nunesmarcas.com.br\/marcas\/wp-content\/uploads\/2019\/05\/CONFEP-5-191x300.jpg 191w, http:\/\/nunesmarcas.com.br\/marcas\/wp-content\/uploads\/2019\/05\/CONFEP-5.jpg 243w\" sizes=\"(max-width: 191px) 100vw, 191px\" \/><figcaption id=\"caption-attachment-137\" class=\"wp-caption-text\">Jo\u00e3o Carlos Nunes &#8211; Diretor<\/figcaption><\/figure>\n<p>Desde a D\u00e9cada de 80,\u00a0<strong>Jo\u00e3o<\/strong> <strong>Nunes<\/strong>,\u00a0vem atuando no <strong>segmento da Propriedade Industrial <\/strong>e prestando servi\u00e7os de qualidade e transparente junto aos empres\u00e1rios.<u><\/u><u><\/u><u><\/u>\u00a0<u><\/u><\/p>\n<p>Trazendo\u00a0informa\u00e7\u00f5es claras, precisas sobre andamento de processos junto ao Instituto Nacional da Propriedade Industrial\u00a0 \u2013 INPI, autarquia federal que regulamenta os servi\u00e7os relativos a Marcas e Patentes, a\u00a0<b>Nunes Marcas e Servi\u00e7os Ltda.<\/b>, tem evitado que seus clientes sejam surpreendidos com publica\u00e7\u00f5es futuras que n\u00e3o foram esclarecidas, quando\u00a0da contrata\u00e7\u00e3o de seus servi\u00e7os.<u><\/u><u><\/u><u><\/u>\u00a0<u><\/u><\/p>\n<p>Al\u00e9m do Segmento da Propriedade Industrial, contamos com departamento jur\u00eddico especializado no segmento da Propriedade Industrial assim como, atuamos no segmento do Direito Civil, Ambiental, Concorrencial, Contratual, Fam\u00edlia e direito do consumidor.<\/p>\n<p>[\/vc_column_text][\/vc_column][\/vc_row]<\/p>\n","protected":false},"excerpt":{"rendered":"<p>[vc_row advisor_row=&#8221;true&#8221;][vc_column][vc_column_text] Desde a D\u00e9cada de 80,\u00a0Jo\u00e3o Nunes,\u00a0vem atuando no segmento da Propriedade Industrial e prestando servi\u00e7os de qualidade e transparente junto aos empres\u00e1rios.\u00a0 Trazendo\u00a0informa\u00e7\u00f5es claras,..<\/p>\n","protected":false},"author":1,"featured_media":0,"parent":0,"menu_order":0,"comment_status":"closed","ping_status":"closed","template":"","meta":[],"_links":{"self":[{"href":"http:\/\/nunesmarcas.com.br\/marcas\/wp-json\/wp\/v2\/pages\/36"}],"collection":[{"href":"http:\/\/nunesmarcas.com.br\/marcas\/wp-json\/wp\/v2\/pages"}],"about":[{"href":"http:\/\/nunesmarcas.com.br\/marcas\/wp-json\/wp\/v2\/types\/page"}],"author":[{"embeddable":true,"href":"http:\/\/nunesmarcas.com.br\/marcas\/wp-json\/wp\/v2\/users\/1"}],"replies":[{"embeddable":true,"href":"http:\/\/nunesmarcas.com.br\/marcas\/wp-json\/wp\/v2\/comments?post=36"}],"version-history":[{"count":5,"href":"http:\/\/nunesmarcas.com.br\/marcas\/wp-json\/wp\/v2\/pages\/36\/revisions"}],"predecessor-version":[{"id":138,"href":"http:\/\/nunesmarcas.com.br\/marcas\/wp-json\/wp\/v2\/pages\/36\/revisions\/138"}],"wp:attachment":[{"href":"http:\/\/nunesmarcas.com.br\/marcas\/wp-json\/wp\/v2\/media?parent=36"}],"curies":[{"name":"wp","href":"https:\/\/api.w.org\/{rel}","templated":true}]}}

<p>[vc_row advisor_row=&#8221;true&#8221;][vc_column][vc_column_text]</p>
<figure id="attachment_137" aria-describedby="caption-attachment-137" style="width: 191px" class="wp-caption alignleft"><img loading="lazy" class="size-medium wp-image-137" src="http://nunesmarcas.com.br/marcas/wp-content/uploads/2019/05/CONFEP-5-191x300.jpg" alt="João Carlos Nunes - Diretor" width="191" height="300" srcset="http://nunesmarcas.com.br/marcas/wp-content/uploads/2019/05/CONFEP-5-191x300.jpg 191w, http://nunesmarcas.com.br/marcas/wp-content/uploads/2019/05/CONFEP-5.jpg 243w" sizes="(max-width: 191px) 100vw, 191px" /><figcaption id="caption-attachment-137" class="wp-caption-text">João Carlos Nunes &#8211; Diretor</figcaption></figure>
<p>Desde a Década de 80, <strong>João</strong> <strong>Nunes</strong>, vem atuando no <strong>segmento da Propriedade Industrial </strong>e prestando serviços de qualidade e transparente junto aos empresários.<u></u><u></u><u></u> <u></u></p>
<p>Trazendo informações claras, precisas sobre andamento de processos junto ao Instituto Nacional da Propriedade Industrial  – INPI, autarquia federal que regulamenta os serviços relativos a Marcas e Patentes, a <b>Nunes Marcas e Serviços Ltda.</b>, tem evitado que seus clientes sejam surpreendidos com publicações futuras que não foram esclarecidas, quando da contratação de seus serviços.<u></u><u></u><u></u> <u></u></p>
<p>Além do Segmento da Propriedade Industrial, contamos com departamento jurídico especializado no segmento da Propriedade Industrial assim como, atuamos no segmento do Direito Civil, Ambiental, Concorrencial, Contratual, Família e direito do consumidor.</p>
<p>[/vc_column_text][/vc_column][/vc_row]</p>

<p>[vc_row advisor_row=&#8221;true&#8221;][vc_column][vc_column_text] Desde a Década de 80, João Nunes, vem atuando no segmento da Propriedade Industrial e prestando serviços de qualidade e transparente junto aos empresários.  Trazendo informações claras,..</p>
