{"id":49,"date":"2018-08-28T01:44:22","date_gmt":"2018-08-28T04:44:22","guid":{"rendered":"http:\/\/nunesmarcas.com.br\/marcas\/?page_id=49"},"modified":"2018-08-28T02:35:04","modified_gmt":"2018-08-28T05:35:04","slug":"patentes","status":"publish","type":"page","link":"http:\/\/nunesmarcas.com.br\/marcas\/patentes\/","title":{"rendered":"Patentes"},"content":{"rendered":"<p>[vc_row advisor_row=&#8221;true&#8221;][vc_column][vc_column_text]<\/p>\n<h3 class=\"page-title\">O Que S\u00e3o Patentes<\/h3>\n<div class=\"page-content\">\n<p>Quando voc\u00ea inventa algum objeto, n\u00e3o importando sua finalidade, \u00e9 necess\u00e1rio que ele seja registrado, para que ningu\u00e9m fa\u00e7a uma c\u00f3pia da sua inven\u00e7\u00e3o e saia por a\u00ed comercializando e se dizendo um g\u00eanio.\u00a0 Assim a fun\u00e7\u00e3o da patente \u00e9 dar o devido cr\u00e9dito aos criadores de novas tecnologias.<\/p>\n<p>Patente \u00e9 uma PROPRIEDADE TEMPOR\u00c1RIA, legalmente concedida pelo Estado ao autor ou inventor, sobre uma inven\u00e7\u00e3o ou modelo de utilidade. \u00c9 uma forma de reconhecimento do esfor\u00e7o inventivo e, por isso, garante ao seu propriet\u00e1rio, direitos exclusivos sobre sua inven\u00e7\u00e3o. Por ser um importante e valioso instrumento para proteger e tornar a inven\u00e7\u00e3o rent\u00e1vel \u00e9 preciso depositar o pedido de concess\u00e3o junto ao Instituto Nacional da Propriedade Industrial (INPI), respons\u00e1vel pela an\u00e1lise do pedido de acordo com as regras da Lei 9.279\/96<\/p>\n<p>Acreditamos que pelo conceito de patente, presume-se que o autor\/inventor dispensou uma boa parte de seu tempo e\/ou dinheiro em sua cria\u00e7\u00e3o (o que, principalmente em caso de empresas, pode ser muito dinheiro!).<\/p>\n<p>Assim, com o t\u00edtulo de patente \u00e9 poss\u00edvel prevenir que competidores vendam e ganhem dinheiro sem terem sido onerados com os mesmos gastos de pesquisa e desenvolvimento.<\/p>\n<\/div>\n<p>[\/vc_column_text][\/vc_column][\/vc_row]<\/p>\n","protected":false},"excerpt":{"rendered":"<p>[vc_row advisor_row=&#8221;true&#8221;][vc_column][vc_column_text] O Que S\u00e3o Patentes Quando voc\u00ea inventa algum objeto, n\u00e3o importando sua finalidade, \u00e9 necess\u00e1rio que ele seja registrado, para que ningu\u00e9m fa\u00e7a uma..<\/p>\n","protected":false},"author":1,"featured_media":0,"parent":0,"menu_order":0,"comment_status":"closed","ping_status":"closed","template":"","meta":[],"_links":{"self":[{"href":"http:\/\/nunesmarcas.com.br\/marcas\/wp-json\/wp\/v2\/pages\/49"}],"collection":[{"href":"http:\/\/nunesmarcas.com.br\/marcas\/wp-json\/wp\/v2\/pages"}],"about":[{"href":"http:\/\/nunesmarcas.com.br\/marcas\/wp-json\/wp\/v2\/types\/page"}],"author":[{"embeddable":true,"href":"http:\/\/nunesmarcas.com.br\/marcas\/wp-json\/wp\/v2\/users\/1"}],"replies":[{"embeddable":true,"href":"http:\/\/nunesmarcas.com.br\/marcas\/wp-json\/wp\/v2\/comments?post=49"}],"version-history":[{"count":2,"href":"http:\/\/nunesmarcas.com.br\/marcas\/wp-json\/wp\/v2\/pages\/49\/revisions"}],"predecessor-version":[{"id":58,"href":"http:\/\/nunesmarcas.com.br\/marcas\/wp-json\/wp\/v2\/pages\/49\/revisions\/58"}],"wp:attachment":[{"href":"http:\/\/nunesmarcas.com.br\/marcas\/wp-json\/wp\/v2\/media?parent=49"}],"curies":[{"name":"wp","href":"https:\/\/api.w.org\/{rel}","templated":true}]}}